5. Let z be n(-11). Suppose -z*s = 3*k - 0*s - 577, 0 = -4*s + v. Is k a prime number?
True
Let l be 4/(-16) - (-1)/4. Suppose 6*a - 4983 + 921 = l. Is a a composite number?
False
Let c = -2363 - -3825. Let d = c + -665. Is d composite?
False
Let m = 43564 - 27837. Is m prime?
True
Let g = 27978 - 16115. Is g prime?
True
Suppose -26 = 5*m + 39. Let a(h) = -23*h - 6. Is a(m) prime?
True
Suppose -4*y + 3028 = 2*f, 4*y = -y + 4*f + 3811. Let v = -32 + 35. Suppose -v*d = -5*p - y, -4*d + p + 1012 = -3*p. Is d a composite number?
True
Let l(d) = -63*d + 28. Let v(a) = -a - 1. Let r(j) = -l(j) + v(j). Let c(y) = -93*y + 43. Let p(k) = -5*c(k) - 8*r(k). Is p(-14) prime?
False
Let k(n) = 2*n**2 - 3*n + 14. Suppose -i = -3*s + 25, -3*s = -5*i - 7*s - 68. Let y = i - -8. Is k(y) a prime number?
False
Is ((-59)/(-118))/((-1)/9118*-1) composite?
True
Let r be (-457)/(-2) - (-4)/8. Let m = 51 - 79. Let b = r - m. Is b a prime number?
True
Let b = 29337 - 16886. Is b composite?
False
Is (-70852)/(-28) - 9 - (-3)/(-7) a composite number?
False
Let v(z) = z**3 - 4*z**2 - z + 4. Let b be v(-2). Is (-4)/b - 7027/(-9) composite?
True
Suppose d + 5*j - 15 = -52, 0 = -2*d - 5*j - 99. Let c = d + 108. Suppose 4*z = 718 + c. Is z a prime number?
True
Suppose 0 = 4*g, -5*w + w - 3*g + 74996 = 0. Is w composite?
False
Let k(u) = 25*u**2 - 7*u - 15. Is k(8) a prime number?
False
Let o = 1323 - 419. Suppose 805 = v - o. Is v prime?
True
Let b(f) = -3*f - 8. Let g be b(-4). Suppose 0 = -g*h + 4082 + 3098. Is h prime?
False
Let q = -1 + 12. Let u be 0 + -4 + 0 + q. Suppose -60 = u*s - 613. Is s a composite number?
False
Let v(o) be the third derivative of o**6/360 + 113*o**4/24 + o**3 + 2*o**2. Let b(n) be the first derivative of v(n). Is b(0) prime?
True
Suppose -5*k + 4*x = -43, -2*x + 21 = 4*k - 3. Suppose l - 4 = -2*c + 9, -l - k = -2*c. Let r(u) = 26*u - 4. Is r(l) a composite number?
True
Let b = -5862 - -14369. Is b prime?
False
Suppose -q + 1 = 0, 3*q + 9465 - 2707 = b. Is b a composite number?
False
Suppose -l + 2*l - 2*i = 83, 0 = 5*l - 2*i - 399. Is l composite?
False
Let i(n) = 2*n**2 - 2*n - 2. Let t be i(-1). Suppose -4*d = t*w - 10 - 4, 5*w = -4*d + 23. Suppose 9*h - 10554 = w*h. Is h a prime number?
True
Let l = -236 - -133. Is (l - (1 + -3))*-7 composite?
True
Let w(r) = -724*r - 695. Is w(-26) a prime number?
False
Let j = -347 - -761. Suppose 0 = -t - 2, 5*y + 5*t - j = 581. Is y prime?
False
Let c = -1 - -1. Suppose -4*m + 2*m + 5*i - 957 = c, -4*i + 2384 = -5*m. Is (-1)/(3 + m/158) composite?
False
Suppose -26*c + 996952 + 39382 = 0. Is c a prime number?
False
Let r(l) = l**2 + 17*l + 16. Let m be r(-16). Suppose x - 3*x + 1906 = m. Is x prime?
True
Let h(t) = 4 - 7*t**3 + 4*t + 3*t**2 - 4 + 0 - 3. Let c(o) = 7*o**3 - 2*o**2 - 4*o + 3. Let m(j) = 5*c(j) + 4*h(j). Is m(4) composite?
False
Let o(m) = -116*m + 118*m - m**3 + 2*m**2 + 6 - 14*m**2. Is o(-13) composite?
False
Let m be (-10)/4*-1*4/(-5). Is 3 - 2 - 5876/m a prime number?
True
Let w(v) be the second derivative of -7*v**3/6 + 7*v**2 - 19*v. Let x be (-43)/4 + (-2)/8. Is w(x) prime?
False
Is (2 - 1)*(-9)/(-9) - -1360 a composite number?
False
Let j(v) = -v - 2. Let d be j(-11). Let r be (-24)/d*39/(-4). Let h = r - -8. Is h a prime number?
False
Let w(g) = g**3 - 6*g**2 + 6*g - 2. Let a be w(5). Is 787 + (-1)/((-3)/(-9)) + a a composite number?
False
Suppose -200*z + 29065 = -195*z. Is z a prime number?
True
Let v = -1743 - -18866. Is v prime?
True
Suppose -k + 0 = -z + 3, 0 = 4*k + 2*z. Let v be 20 + -2 - k/1. Let m = 40 + v. Is m a composite number?
False
Suppose 2*w = 15143 - 4611. Suppose -3*f = -5*f + w. Is f composite?
False
Let p(q) = -q**3 - 5*q**2 + 11*q + 11. Suppose -2*o + 36 = 5*r, -3*r + 3*o + 0*o + 9 = 0. Let k be r*((-8)/(-12) - 2). Is p(k) a composite number?
True
Let r(w) be the second derivative of -w**3/6 + 641*w**2/2 - w. Suppose 0 = 582*q - 578*q. Is r(q) prime?
True
Suppose -3*p = -17813 + 3668. Suppose -19*i = -14*i - p. Suppose -4*h = -i - 841. Is h a prime number?
False
Suppose 69*i - 326505 = 74*i. Is i/(-24) - 1/(-8) a composite number?
True
Is 1/5 + (-92664)/(-30) composite?
False
Let m(g) = -2*g**3 - 3*g**2 - 6*g - 17. Let v(n) = n**2 + 12*n + 12. Let x be v(-10). Is m(x) composite?
False
Let d be 2/(-5) - 20/(-50). Suppose b = -d*b + 257. Is b composite?
False
Suppose -7*r - 5758 = -34535. Is r a composite number?
False
Let a = 6414 - -1095. Is a a prime number?
False
Let w be (153/85)/(2/20). Suppose -14*g = -w*g + 1384. Is g a composite number?
True
Suppose 108 + 345 = 3*o. Suppose 3*z + y = 139, -3*z + 5*y = -0*z - o. Is z prime?
True
Let b = 8 + -1. Suppose b*d - 2*d + 2*k = 54, 5*d - 5*k = 40. Let c = d - 4. Is c composite?
True
Let r(n) = -28901*n**2 - 6*n + 5. Let b be r(1). Is b/(-15) + 0 - 1/(-5) a composite number?
True
Let l(b) = -b**3 - 3*b**2 - b - 13. Let x be l(-4). Suppose 0 = x*n - 4094 + 153. Is n a prime number?
True
Suppose 5*p + 5*b + 4333 = 11533, 0 = -2*p + 5*b + 2915. Suppose -i + p - 414 = 0. Is i composite?
False
Let y be 2 + -6 + -1 + -2. Let k = y - -2. Let v(i) = -25*i + 2. Is v(k) a composite number?
False
Let p(b) = b**3 + 5*b**2 - 6*b - 4. Let y be p(-6). Let z be 410 + (3 - -5) + y. Let m = -271 + z. Is m prime?
False
Let d(b) = -b**2 + b. Let i(o) = -135*o**2 + 2*o + 8. Let t(p) = 6*d(p) - i(p). Is t(3) composite?
True
Let b(t) = 72*t**2 - 1. Suppose 0*g - 6 = -g. Let r(z) = 2*z - 14. Let l be r(g). Is b(l) composite?
True
Let s = 3674 - -3561. Is s composite?
True
Suppose 2*j - 9 = -j. Let y(b) = 54*b**2 + 3*b + 7. Is y(j) a composite number?
True
Suppose 0 = -94*x + 79*x + 153165. Is x a prime number?
True
Let t be (4/(-6))/((-16)/24). Let z(p) = -38*p**3 + 2*p**2 - 2*p + 1. Let u be z(t). Let v = u - -68. Is v composite?
False
Let f(v) = v**3 - 7*v**2 + 6*v + 5. Let n be f(6). Let z(s) = 2*s**2 - 7*s + 1. Let j be z(n). Is (j - 12)*(-131)/(-4) prime?
True
Let n(a) = 182*a**2 + 11*a - 23. Is n(-8) composite?
True
Suppose -1 - 14 = -5*p. Suppose 410 = 9*b - 4*b. Let o = b - p. Is o prime?
True
Let c(o) = o**2 - 13*o - 8. Let s be c(13). Let h = -8 - s. Suppose -5*d + 85 + 620 = h. Is d a composite number?
True
Let p(i) = -55*i**3 - 2*i**2 + 4*i + 19. Is p(-4) a prime number?
True
Suppose 3*o - 5 = 1. Let m be 0*o/(-6) + 333. Suppose -313 = -5*n - 3*h, -5*n - 2*h + m = -4*h. Is n a composite number?
True
Let n = -144 + 67. Let o(f) = 4*f**2 + 4*f - 9. Let l be o(-6). Let u = n + l. Is u composite?
True
Suppose -t = -4*h - 11237, -h = -3*t + 56686 - 22986. Is t a prime number?
False
Let d be -4 - (-1 - 5) - (-6 + 2). Is d/4*(-348)/(-9) a composite number?
True
Let f(q) = q**2 + 11*q + 6. Let g be f(-9). Let t = 12 + g. Is t - -1 - -56 - 0 composite?
True
Is ((-6)/9)/((-4)/14754) a composite number?
False
Let f = 3 - 2. Is 7464/32 + f/(-4) composite?
False
Let c be ((-2)/4)/((-2)/8). Suppose 0 = -c*p + p + 335. Let u = p - 190. Is u a composite number?
True
Is (6/(-15))/(((-168)/(-449470))/(-6)) a prime number?
True
Let p be 3/((18/12)/(6/4)). Suppose 2*f - 8365 = -p*f. Is f prime?
False
Suppose -11*n = -7*n. Suppose -r - 2*r + 465 = n. Is r prime?
False
Let l = 11 + -8. Suppose -l*c - 713 = -4*c. Is c a prime number?
False
Let r(b) = b**3 + b**2 - b. Let d(l) = 63*l**3 + 2*l**2 + 6*l + 4. Let u(y) = d(y) - 6*r(y). Is u(3) a composite number?
False
Let x(c) = -c. Let q be x(7). Let j(b) = b**3 + 7*b**2 - 6. Let f be j(q). Is ((-2)/f)/((-5)/(-1365)) composite?
True
Suppose g + g + 5*k + 45 = 0, 3*k - 5 = 2*g. Let o be g/(-1) - (1 + -1). Is (o/(-15))/(2/(-213)) composite?
False
Let g = -28 + 32. Suppose -g*o - o = -4*d - 2861, -o = 2*d - 575. Suppose -s = -0*s - o. Is s prime?
False
Suppose r = 1701 - 8. Is r composite?
False
Suppose -2*d - 3 + 13 = 0. Suppose d*w = -1886 - 594. Let f = w + 711. Is f composite?
True
Let x be -2 + 5/5*-4. Is 202 + 0 + x/(-2) a composite number?
True
Let n(f) = 2052*f + 51. Is n(20) prime?
False
Let u = -34 + 39. Is (0 + 1)*5/u - -140 a composite number?
True
Suppose 2761183 = 110*p - 2079147. Is p a composite number?
True
Is (-36372)/(-10) + (-17)/85 composite?
False
Let s be 32946/14 + (-6)/21. Suppose 3*d - s = -4*i, d + 4*i - 145 = 634. Is d prime?
True
Suppose -4*f + 3*h = 38, 4*f + 0*h + 40 = 